6579. What is the units digit of r?
7
Let s be -5 + (-2)/(-1) + (-1465)/(-5). Let t be (16/(-10) + 0)*s/4. Let f = t + 176. What is the tens digit of f?
6
Let v(r) = -20 - 2 - 13 + 3 - 99*r. What is the hundreds digit of v(-6)?
5
Suppose 19*t + 48 - 124 = 0. Suppose t*n + g + 854 = 2626, -1329 = -3*n - 2*g. What is the tens digit of n?
4
Let d = -95 + 97. Let r be (d - -595)*(-6)/(-9). Suppose -13*m = -1942 - r. What is the units digit of m?
0
Let q = 376 + -178. Let d(i) = -14*i - 334. Let j be d(-24). Suppose -6*c + 3*c + 4*n = -q, -6 = j*n. What is the tens digit of c?
6
Let o(l) be the third derivative of 137*l**5/60 - l**4/6 + l**3/2 - 3*l**2 + 19*l. What is the units digit of o(3)?
4
Suppose -430*y + 437*y - 79170 = 0. What is the hundreds digit of y?
3
Let t = 28 - 28. Suppose -7*j + 266 = -t*j. What is the tens digit of (-13 + j)*28/10?
7
Suppose -32735 = -3*h + g + 51917, -h + 28228 = 5*g. What is the hundreds digit of h?
2
Suppose 4*y - 5*y - 15 = 0. Let h be ((-9)/2)/(y/80). Let f(g) = g**3 - 24*g**2 + 2*g + 25. What is the tens digit of f(h)?
7
Let b(q) = -q**3 + 18*q**2 - 17*q + 23. Let g be ((-1080)/(-16))/(-3)*(-4)/6. What is the hundreds digit of b(g)?
4
Let q(g) = g**3 + 2*g**2 - 6*g - 7. Let i be q(-2). Suppose i*y + 4*p + 75 = 0, -y + 5*p + 0*p = 44. Let v(z) = -6*z - 25. What is the tens digit of v(y)?
8
Let m = -41 + 139. Let w be 1 + 646/(-7) + 28/m. Let k = w + 147. What is the units digit of k?
6
Let h(d) = d**2 - 89*d + 112. What is the units digit of h(-34)?
4
Let n = -71 - -293. Suppose -n*v - 12804 = -233*v. What is the thousands digit of v?
1
Suppose 0 = -2*s - 4*b + 20, -4*s - 5*b + 20 = -2*b. What is the hundreds digit of s/((-88)/66 + 2251/1686)?
1
Let f(o) = -2*o**2 + 5*o + 12. Let t be f(4). Suppose t = -3*p - 4*n + 144, p = -5*n + 24 + 13. What is the units digit of p?
2
Suppose 0 = 2*q - 10, 0 = 5*v - 3*q - 1116 - 374. Suppose 24*u - 15323 = v. What is the hundreds digit of u?
6
Let y(p) = -11*p - p - 77 + 6*p - 16*p. What is the units digit of y(-20)?
3
Let g(q) = 159*q + 207. Let x be g(-17). Let u = -1353 - x. What is the hundreds digit of u?
1
Let i = 193 + 19247. What is the tens digit of i?
4
Let h(x) = 8*x + 20. Let c(d) be the first derivative of -d**3/3 - 7*d**2 + 2*d + 13. Let g be c(-13). What is the tens digit of h(g)?
4
Let n(k) = 23*k - 149. Let m(p) = -22*p + 148. Let v(b) = -6*m(b) - 5*n(b). What is the units digit of v(11)?
4
Suppose -2074 = -5*y + 37*m - 41*m, 5*y = -5*m + 2075. Suppose 0 = -6*o + 5790 - y. What is the tens digit of o?
9
Let j(g) = -g**2 - 13*g + 18. Let h be j(-14). Let n be h/28 - (-360)/28. Suppose n - 8 = 5*o. What is the units digit of o?
1
Let b(q) = q**3 + 102*q**2 + 47*q - 4664. What is the hundreds digit of b(-100)?
6
Let w = 7812 - 1708. What is the units digit of w?
4
Let h = 36868 - 7327. What is the units digit of h?
1
Suppose -3*o + 69 + 25 = -2*x, -x + 2*o - 46 = 0. Let b(f) = f - 12. Let y be b(9). Let i = y - x. What is the units digit of i?
7
Let b be 11/((-11)/(-2034)) + (-2 - -5). Let s = b - 1447. What is the units digit of s?
0
Let m = -61520 + 139307. What is the hundreds digit of m?
7
Let k(z) = -2*z**2 - 9*z + 8. Let x be k(-8). Let r = 41 + x. Let b = r - -85. What is the tens digit of b?
7
Let y be (-1)/5 - 2183/185. Let o(n) = -n**3 - 8*n**2 + 37*n - 9. What is the tens digit of o(y)?
2
What is the hundreds digit of (-36)/(-117) + 2249220/130?
3
Let u(y) = 408*y**2 + 24*y - 93. What is the units digit of u(4)?
1
Let b(i) = -3*i + i**2 - 5*i**2 - 7*i**2 + 17*i**2 + 2. Let n be b(1). Suppose -139 = n*o - 509. What is the units digit of o?
4
Let g = -40 + 148. Suppose 3*z + 3 - 33 = 0. Suppose -2*i = -z - g. What is the tens digit of i?
5
Let m(p) be the second derivative of p**4/12 - 11*p**3/2 + 103*p**2/2 + 42*p. What is the units digit of m(44)?
7
Let d(m) be the first derivative of m**4/4 - 4*m**3/3 + m**2 + m + 19. Let i be d(1). Suppose y = i, -3*z + 4*y - 77 = -4*z. What is the tens digit of z?
7
Let d(o) = -352*o - 5092. What is the ten thousands digit of d(-71)?
1
Let b = -711 - -508. Let w = b + 440. What is the units digit of w?
7
Suppose -3*s = 4*d - 33, 5*s = -d - 0*d + 38. Suppose 0 = -s*n - 7*n + 2030. What is the tens digit of n?
4
Let l = -83 + 139. Suppose 59*g = l*g + 408. What is the hundreds digit of g?
1
Let o(l) = -3*l - 38. Let a be o(-14). What is the tens digit of a*2196/8*1/3?
6
Suppose 3*f = 4*w + 19, 5*f - w - 2*w - 28 = 0. Let n be 108/48 - ((-15)/4)/f. Suppose -2*q = -r + 161, n*q + 0*q + 9 = 0. What is the tens digit of r?
5
What is the hundreds digit of (-31005)/(-9)*-24*(-1)/(0 - -3)?
5
Suppose 0*h + 9 = -3*h, 5*h + 225 = -2*f. What is the tens digit of ((-1302)/f)/((-2)/(-40))?
4
Let h = 59 - 62. Let a be (15 + h)*3/(-6). What is the units digit of a/9*948/(-8)?
9
Let s = 13 - 11. Suppose 0 = -o + 2*r - 3, -2*o - s*r + 4*r = 0. What is the hundreds digit of 152 + -4 + -2 + 1 + o?
1
Suppose 5*b = -7*d + 9*d + 20578, 3*b - d = 12348. What is the hundreds digit of b?
1
Let n be -4*-1*(-19)/(-4). Suppose -h - 5*b = -n, -2*h - 15 = -7*h - 5*b. What is the units digit of (-7 - -9) + 46 + h?
7
Suppose -4*r + 2 - 26 = 0. Let s be ((-10)/r)/((-8)/12 - -1). Let w(v) = v**2 - 3*v + 3. What is the tens digit of w(s)?
1
Let w = -51 - -59. Suppose -12 = -w*r - 4. What is the tens digit of (31 - 6 - (1 + r))*1?
2
Let c(d) = 2*d**2 + 4*d + 25. Let m(j) = j**2 - 9*j + 20. Let i be m(4). What is the tens digit of c(i)?
2
Let t(z) = -2*z**2 + 55*z + 140. Let k be t(28). Let y = 445 + k. What is the tens digit of y?
5
Let t(k) = -k**3 - 9*k**2 - 10*k - 14. Let m be t(-8). Let n(y) = 7*y**3 + 3*y**2 - 4*y + 7. Let a be n(m). Let x = -10 + a. What is the tens digit of x?
5
Let k(n) = -1998*n - 5626. What is the ten thousands digit of k(-13)?
2
Let s(m) = -13*m - 4. Let y be s(-5). Let c be (786/15 + 2)*10/4. Suppose c = g + y. What is the tens digit of g?
7
Suppose -12*h = 4*h - 832. Suppose 7*d - 353 = -h. What is the units digit of d?
3
Suppose -3*k + 4 - 1 = 0, 2*k + 510 = -4*t. Let o = 184 + t. What is the hundreds digit of (222/(-4))/((-21)/o)?
1
Suppose 139*u - 76 = 135*u. Suppose -3*c + 178 = -v, 21*c - 3*v - 121 = u*c. What is the tens digit of c?
5
Let r(k) = -259*k - 1419. What is the units digit of r(-38)?
3
Suppose 5*n = 5*p + 45, p = 1 - 2. Suppose -10*u = -n*u - 6. What is the units digit of (-2)/u - (-586)/6?
7
Suppose -371 = -y + 5*l, 5*y - 4*l + 9*l = 1855. Suppose -w = -5*a + 15, -5*w + 3 = 4*a - 9. Suppose -9*c + 1064 - y = w. What is the tens digit of c?
7
Let w(a) be the first derivative of -5*a**2/2 - 1. Let n be (-117)/27 - 1 - 2/3. What is the units digit of w(n)?
0
Let x(s) = -35*s + 7. Let p be x(-1). Suppose 0*j - 3*j = -p. Suppose 0 = -f + 5, -f = -n - 2*f + j. What is the units digit of n?
9
What is the thousands digit of (-26*(-897)/(-8))/(37/(592/(-6)))?
7
Suppose 3*a = 6*a - 12. Suppose -2*l = -h + 1586, -4*h - 1893 = a*l - 8285. What is the tens digit of h?
9
Suppose 3*n - 17 = 2*m, n - 20 = -2*n + 5*m. Suppose 0 = -4*c - 4*g + 2188 + 124, -n*c - g = -2874. What is the tens digit of c?
7
Suppose -1294707 = -227*k + 325445 + 1770093. What is the thousands digit of k?
4
Let n be (2 + -3 - -4)*21. Let g be (-2)/9 + 13559/n. Let z = g + -77. What is the hundreds digit of z?
1
What is the thousands digit of (-4 - -9) + (2568/(-9))/(80/(-4680))?
6
Let d be (-16 - -17)/((-1)/(-2)). Suppose 3*b = 4*w + 698 + 2589, -d*w + 1089 = b. What is the tens digit of b?
9
Suppose 2*d + 51491 + 32057 = 2*b, -5*b = -4*d - 208865. What is the thousands digit of b?
1
Suppose -2*n = 4*v - 4*n - 56, 2*v - 40 = 4*n. Suppose b + 12 - v = 0. Suppose b = 4*x - 16, -2*x + 190 = 4*t - 266. What is the hundreds digit of t?
1
Let u = -1743 + 3339. Suppose -4*p = -0*p - u. What is the hundreds digit of p?
3
Let d(t) = 2*t**3 - 3*t**2 - 7*t + 13. Suppose -5*a - 12 = -3*w, -a - 4 = -3*w + 2*w. Let l be d(w). Let k = l + -35. What is the units digit of k?
0
Let x(t) = -6*t - 85. Let d be x(-15). Suppose -9*r = -d*r - 128. What is the units digit of r?
2
Let c(z) = 112*z + 431. What is the thousands digit of c(68)?
8
Suppose 93*v + 26289 = 4620. Let z be (-4)/6 - 764/6. Let b = z - v. What is the hundreds digit of b?
1
Let c = 13065 - 1